?
4001230101
In base 3, what is 1 + -102202101221101?
-102202101221100
In base 13, what is 2a7648 - -2b5?
2a7930
In base 16, what is -252b1 - 283?
-25534
In base 13, what is 6400b4 - 14?
6400a0
In base 14, what is -3a40 - 73?
-3ab3
In base 5, what is 12214002240 - 2?
12214002233
In base 9, what is -608176 - 25?
-608212
In base 11, what is 72 - -3658770?
3658832
In base 2, what is 10110 - -10110001110100111101101?
10110001110101000000011
In base 4, what is 2 + -333133202?
-333133200
In base 6, what is -33024045241 + -3?
-33024045244
In base 8, what is -13412 - -120134?
104522
In base 9, what is 12148 + 661?
12820
In base 11, what is -73a003 - 0?
-73a003
In base 13, what is -30668 - -a0?
-30598
In base 13, what is 203b - 1320?
a1b
In base 5, what is -30403320210 + -11?
-30403320221
In base 16, what is -21a74 - -2e?
-21a46
In base 7, what is 1511123 + -4522?
1503301
In base 6, what is -104 + 1021322?
1021214
In base 16, what is ffe3 - -31e?
10301
In base 7, what is 2252531252 + 2?
2252531254
In base 8, what is -16521773 + 77?
-16521674
In base 16, what is -205d - b48f?
-d4ec
In base 13, what is b5a5a - -56?
b5ab3
In base 8, what is -62566314 - -5?
-62566307
In base 11, what is 22624 - -376?
2299a
In base 14, what is 3 - 90988b?
-909888
In base 2, what is -110110100101000111011 + 1100?
-110110100101000101111
In base 14, what is -81 - 12656?
-126d7
In base 6, what is 255322035 + -3?
255322032
In base 7, what is -141446 + 112?
-141334
In base 12, what is 3 + 584b75?
584b78
In base 11, what is 1 + -19a8824?
-19a8823
In base 15, what is 4 + -131694?
-131690
In base 4, what is -132123000111 - 10?
-132123000121
In base 2, what is 1001110000011100001 + -101?
1001110000011011100
In base 13, what is 7c80c0 - 3?
7c80ba
In base 6, what is 240521322 - 0?
240521322
In base 3, what is -202 + 10002000200010212?
10002000200010010
In base 9, what is -8831 - -54113?
44172
In base 6, what is -12224151423 + -5?
-12224151432
In base 8, what is 72713076 - 5?
72713071
In base 5, what is 10 + 1033040411122?
1033040411132
In base 6, what is 55255344 + -33?
55255311
In base 10, what is -13327486 + 3?
-13327483
In base 15, what is 1270ab5 - -7?
1270abc
In base 9, what is -1 - -54026861?
54026860
In base 8, what is -3377105126 + 0?
-3377105126
In base 12, what is -78bb - -608?
-72b3
In base 8, what is -227057 + 10455?
-216402
In base 3, what is -2122012 + -22002202000?
-22012101012
In base 14, what is -1 + 32502741?
32502740
In base 13, what is 371 - -115ab?
1194c
In base 8, what is -32 + -36526605?
-36526637
In base 6, what is -2104254 - -233?
-2104021
In base 5, what is 34322041 - -1112?
34323203
In base 7, what is -62524 - 20?
-62544
In base 5, what is 222210 - -432002?
1204212
In base 10, what is 4 - 4901992?
-4901988
In base 13, what is c221a + -6a2?
c1848
In base 9, what is -308 - 5716551?
-5716860
In base 3, what is 22001222021 - -12122?
22002011220
In base 13, what is -6 + 2b63b97?
2b63b91
In base 3, what is -1200221 - -12010121220?
12001220222
In base 13, what is -4b + 810407?
810389
In base 6, what is 152043242 + 11?
152043253
In base 6, what is -1405434 - 102?
-1405540
In base 12, what is 1b8649904 - 4?
1b8649900
In base 12, what is 367b878 - 5?
367b873
In base 16, what is 3 - 1d486?
-1d483
In base 6, what is 12520253 + -10?
12520243
In base 4, what is 12331220 + 302133?
13300013
In base 5, what is -12233013 - 4?
-12233022
In base 6, what is 3025442531 + -5?
3025442522
In base 11, what is -241a959 + 1?
-241a958
In base 5, what is -4430120332 - -4?
-4430120323
In base 4, what is 12131102 - -301133?
13032301
In base 14, what is d5567 - 2d?
d5538
In base 3, what is 0 + 11022101210002?
11022101210002
In base 9, what is 20878 + 68081?
100070
In base 9, what is -213 - 544628?
-544842
In base 6, what is 203353325 - -14?
203353343
In base 15, what is -686 - -35b61?
354ca
In base 3, what is -1020222211221012 - 12?
-1020222211221101
In base 5, what is 2104 - -131021143?
131023302
In base 2, what is 11111101101010011110110111 + 110?
11111101101010011110111101
In base 12, what is -199b7942 - -13?
-199b792b
In base 2, what is 1000101111101010010 - 11100101111?
1000101100000100011
In base 8, what is 17733602 + 36?
17733640
In base 13, what is 9593105 + 7?
959310c
In base 14, what is -c3 - -18bd4?
18b11
In base 10, what is 591 + 12859?
13450
In base 2, what is -10 + 101010100110000011011?
101010100110000011001
In base 13, what is 38155 + 172?
382c7
In base 9, what is 100144 - 225?
88818
In base 4, what is 101102 - 120111321?
-120010213
In base 9, what is 38 - -8255376?
8255425
In base 3, what is -201202120 + -101112210?
-1010022100
In base 14, what is 324 + 6790a?
67c30
In base 7, what is 126 + -2260544?
-2260415
In base 13, what is -8a94147 - -1?
-8a94146
In base 4, what is -21302 + 10301303?
10220001
In base 3, what is -11 + 220012111122002?
220012111121221
In base 13, what is 140a4a + 1448?
142195
In base 2, what is 100000010010 + 11101010000100?
100001010010110
In base 8, what is -1 - 2033312376?
-2033312377
In base 10, what is -109 + 392609?
392500
In base 13, what is -a2c - -2991?
1c62
In base 8, what is -42562 + 4774?
-35566
In base 2, what is 1011100110011111001101 - -10111?
1011100110011111100100
In base 15, what is -2 + -3618595?
-3618597
In base 6, what is 33205312 + 4?
33205320
In base 7, what is -504 - -20546?
20042
In base 11, what is 38 + -235998?
-235960
In base 2, what is 111100010110100 + -10001?
111100010100011
In base 5, what is 1141 + 2341040?
2342231
In base 15, what is -565be + -1de?
-567ad
In base 11, what is -130 - 441965?
-441a95
In base 7, what is 20 + -460415360?
-460415340
In base 11, what is 6a64 + -15610?
-9657
In base 10, what is -3 + -30146227?
-30146230
In base 12, what is -577a5 - 25?
-5780a
In base 10, what is -2 - 106189635?
-106189637
In base 10, what is 38 + 156684?
156722
In base 5, what is -1401133211 + -10?
-1401133221
In base 13, what is -4390 + -8b3?
-4c73
In base 3, what is -20112 + 11111011000?
11110220111
In base 3, what is 2122 + 10111121200222?
10111121210121
In base 12, what is -24b65 - -668?
-244b9
In base 11, what is -40 + a46566?
a46526
In base 3, what is -11 + -12211101100022112?
-12211101100022200
In base 10, what is 31487 + 18314?
49801
In base 6, what is 3 - -423331240?
423331243
In base 13, what is -18 - -10178?
10160
In base 8, what is 257 + 515425?
515704
In base 7, what is -2213235 - -16235?
-2164000
In base 10, what is 90510774 - -5?
90510779
In base 4, what is 1 - -333033001202?
333033001203
In base 2, what is 101101100010 + 11110100000?
1001100000010
In base 15, what is -2bc9b - 588?
-2c334
In base 15, what is c1a + -826?
3e4
In base 16, what is -d - -107b4?
107a7
In base 6, what is -14410 - 35501?
-54311
In base 2, what is -100101011000101000 + 111111?
-100101010111101001
In base 12, what is -5 - -1267b167?
1267b162
In base 13, what is 278c1 + -527?
27397
In base 16, what is -bc67d - -51?
-bc62c
In base 6, what is -1044315 + -41105?
-1125424
In base 9, what is -1113176 - -22?
-1113154
In base 3, what is -2220212222021 - 120?
-2220212222211
In base 16, what is -4 + 3eebfc?
3eebf8
In base 9, what is -4 - -1616538?
1616534
In base 8, what is 2044 - 27263?
-25217
In base 5, what is 130 - 41421032?
-41420402
In base 12, what is -1409 + 1410?
3
In base 12, what is 4 - -6708497?
670849b
In base 16, what is 1f1b + -4ab8?
-2b9d
In base 2, what is -101000100111 + -10000110011?
-111001011010
In base 2, what is 11100100111 + -10010110010110?
-1111001101111
In base 12, what is -3 + 62ba9?
62ba6
In base 5, what is -132 + -1124304013?
-1124304200
In base 2, what is 111111010010111110001110111 - -11?
111111010010111110001111010
In base 4, what is 31 - 21220211010?
-21220210313
In base 8, what is 416 + 3662532?
3663150
In base 14, what is -24b08a + 31?
-24b059
In base 7, what is -14 + -542352622?
-542352636
In base 8, what is -66 - 557147?
-557235
In base 6, what is 2 - 11224525101?
-11224525055
In base 13, what is b - -192384?
192392
In base 8, what is -5 + 102202203?
102202176
In base 6, what is -4 - -255305004?
255305000
In base 8, what is 2250 - -11424?
13674
In base 3, what is 12 + 212011212010102?
212011212010121
In base 2, what is -1111010101 - -100000110011000011?
100000100011101110
In base 12, what is -bbb + -796b?
-8